9496. List the prime factors of p.
7, 967
Let b(i) = 5*i + 137. Let j be 3/6*0/(-1). What are the prime factors of b(j)?
137
Let p(y) = y**3 - 11*y**2 + 21*y - 10. Let j be p(8). Let q(b) = -b**3 - 35*b**2 - 44*b + 107. What are the prime factors of q(j)?
3, 149
Suppose 0 = -2*o + 4*d - 48, -o + 2*d - 26 = -d. Let w = 24 + o. Suppose -3*t - 120 = -w*t. List the prime factors of t.
2, 3, 5
Let t be -6 - 2/2*-3. Let j be ((-156)/(-20))/(t/(-10)). Let l = 52 - j. What are the prime factors of l?
2, 13
Suppose 270*a - 288*a + 566027 = 131435. What are the prime factors of a?
2, 3, 503
Suppose -2*f + 2*p + 8 = 0, 2*f - 7*f - 3*p + 12 = 0. Suppose 4*r + 128 = -2*y, 162 = -f*r - 2*r - 3*y. Let a = r - -64. List the prime factors of a.
2, 17
Let p(i) = i**3 + 13*i**2 - 14*i - 10. Let w be p(-14). Let a = 13 + w. Suppose -282 - 47 = -a*b + y, -525 = -5*b - 3*y. What are the prime factors of b?
2, 3
Let p(w) = 44*w + 249. Let k = 262 + -235. What are the prime factors of p(k)?
3, 479
Let a = 34 - 32. Let s be 6/((a + (-3)/1)/(-1)). Suppose -4*w + 190 = s. What are the prime factors of w?
2, 23
Suppose 39 = 10*k + 9. Let h = 4 - 2. Suppose -8 = h*c, k*j + j = c + 496. What are the prime factors of j?
3, 41
Suppose 93992 = 143*h - 731976. List the prime factors of h.
2, 19
Suppose 230*m + 581*m = 23401405. What are the prime factors of m?
5, 29, 199
What are the prime factors of (25134 - 1) + -9*(-217)/279?
2, 3, 5, 419
Let c(g) = g**3 + 9*g**2 + 4*g - 4. Let o be c(-4). Suppose -x = 4*x - 2*u - 60, 4*x - 4*u - o = 0. Suppose 1840 = 6*a + x*a. What are the prime factors of a?
5, 23
Let z(l) = -13*l + 24. Let h be z(1). Suppose h*d - 7*d - 495 = 3*s, 2*d - 3*s = 249. List the prime factors of d.
3, 41
Let x be (-10 - 100/(-10))*(0 - 1). Suppose 19*b - 23*b + 6152 = x. What are the prime factors of b?
2, 769
Let b = 66 - 66. Suppose 9*z - 11*z + 204 = b. List the prime factors of z.
2, 3, 17
Suppose 379023 = -476*z + 310204 + 2367423. What are the prime factors of z?
11, 439
Let o(u) = u**2 - 19*u - 35. Let p be o(-15). Suppose 5*w - p = -5*n, 94 = 5*w - n - 387. What are the prime factors of w?
2, 3
Suppose 280 + 50 = -5*u. Let b = -58 - u. Suppose 10*i = b*i + 132. What are the prime factors of i?
2, 3, 11
Let x be 249 + 12/3 + 5 + -2. Suppose 4*u = 8*u - x. Suppose -4*f + 4*a = -u, 2*a - 3 = -a. List the prime factors of f.
17
Suppose -250*w + 257*w = 0. Suppose -2*b + 320 + 188 = w. List the prime factors of b.
2, 127
Suppose w - l + 36 = 0, 5*l = -2*w - 60 - 40. List the prime factors of (7/(140/(-215)))/(1/w).
2, 5, 43
Let s(v) = -v**2 - 24*v + 41. Suppose -5*m + 2*m + 42 = 0. Let n be (-9)/6*17 - (-7)/m. List the prime factors of s(n).
2
Let i be 802 + 2 + -5 + -1. What are the prime factors of 5/(-2)*(i - -2)/(-5)?
2, 5
Let h(m) = 120*m + 3554. What are the prime factors of h(-17)?
2, 757
Let z(r) = 16 - 61*r**2 + 29*r**2 + 21*r**2 + 35*r**2 - 5*r. List the prime factors of z(3).
7, 31
Suppose 0 = 4*j + 29 - 25. Let g(u) = -572*u + 1. List the prime factors of g(j).
3, 191
Let k = -3344 + 3328. Let t(z) = -7*z + 0 - 13 - 10. What are the prime factors of t(k)?
89
Let z = 85 - 81. Let b be (-3)/(-6) + 0 + 26/z. Suppose b*p = 14*p - 301. What are the prime factors of p?
43
What are the prime factors of ((-42)/(-6) - 14) + -1 + 777?
769
Let m(p) = 60*p**2 - 60*p + 410. What are the prime factors of m(28)?
2, 5, 23, 199
Let s(y) = y**3 + 16*y**2 - 16*y + 6. Let p be s(-15). Suppose 3*d + p = 2*v - 2*d, 2*v - 4*d = 466. What are the prime factors of v?
223
Let q(z) = -216*z + 62. Let u(k) = 68*k - 21. Let t(h) = 5*q(h) + 16*u(h). Suppose 0 = -2*x - 8 + 24. What are the prime factors of t(x)?
2, 19
Let p(m) = 105*m + 448. Let n(q) = -4*q - 134. Let w be n(-37). List the prime factors of p(w).
2, 7, 137
Suppose 4*y - 636 = -8*y. Suppose y*f + 4900 = 58*f. List the prime factors of f.
2, 5, 7
Let z = 61 + -56. Suppose -5*k + 3*u + 11 = -13, 0 = z*k + 4*u - 3. Suppose -k*s = -6*s + 174. What are the prime factors of s?
2, 29
Let i be 1*(-69)/(9/(-3)). Suppose 0 = 3*b - i + 2. Suppose 92 = b*n - 202. What are the prime factors of n?
2, 3, 7
Suppose a + h = -51, -4*h - 216 = 4*a - 3*h. Let n = -50 - a. Suppose -n*b = -32 - 28. What are the prime factors of b?
2, 3
Suppose -10*f + 9*f + 2 = 0. Suppose -h + 848 = 5*q, 3*h + 142 = f*q - 204. Suppose -10*z + 5*z + q = 0. List the prime factors of z.
2, 17
Suppose 0 = 19*i - 17*i - 19362. Suppose -40*u = -i - 5239. What are the prime factors of u?
373
Suppose -94 - 2 = -16*i. Suppose -i*v = -865 - 2009. List the prime factors of v.
479
Let c(a) = -3*a**2 + 8*a + 11. Let z(k) = k**3 - 3*k**2 + 7*k + 10. Let w(m) = -3*c(m) + 2*z(m). Let b be w(-4). Let n = b - -95. List the prime factors of n.
2, 3, 7
What are the prime factors of (589/4)/(-1 - ((-7)/28 - 1))?
19, 31
Suppose -390*v + 126*v + 14575176 = 0. List the prime factors of v.
3, 7, 11, 239
Let o = 52320 - 16834. What are the prime factors of o?
2, 11, 1613
Suppose a = 3*r - 5105, 1077 + 634 = r - 5*a. Let z = r - 1200. What are the prime factors of z?
3, 167
Suppose 7*x - 4*x = 0. Suppose 72 = -43*k + 44*k - 4*j, -k = 4*j - 88. List the prime factors of k + 1 + x + (-96)/24.
7, 11
Suppose -3*p + 20166 + 168124 = 7*s, -s - 3*p + 26878 = 0. List the prime factors of s.
2, 13451
Suppose -c - c = -p + 10, -c + 72 = 5*p. Let n(l) = 19 - 7*l - 27*l**2 + 48*l**2 - 3*l - 2*l - 20*l**2. What are the prime factors of n(p)?
47
Suppose -14*l = 40760 - 222606 - 89138. What are the prime factors of l?
2, 3, 1613
Suppose -2*r = -s - 91, -2*r - 164 = -5*r - 4*s. Let u = r + -40. What are the prime factors of (-2)/(-1)*348/u?
3, 29
Let k be 4 - ((-3822)/(-30) - 6/15). Let w = k + 134. Let i(z) = 27*z - 5. List the prime factors of i(w).
2, 73
Suppose 1637382 = 40*j - 797740 + 407442. What are the prime factors of j?
2, 19, 23, 29
Suppose 2 + 6 = r. Let i(n) = -12*n - r - n**2 + n**3 - 7*n + 15 + 9*n**2. What are the prime factors of i(-8)?
3, 53
Suppose 16776 = -3*n + 53712. What are the prime factors of n?
2, 3, 19
Let g = -17949 + 25908. List the prime factors of g.
3, 7, 379
Suppose 3 = -3*i + 9. Suppose -5*t + 108*v = 111*v - 48, -5*t + 56 = v. Suppose -3822 = -t*g - i*g. List the prime factors of g.
3, 7, 13
Let l = -3227 - -6783. What are the prime factors of l?
2, 7, 127
Suppose 3*u - 5*b - 945 = 254, -u + 401 = -b. What are the prime factors of u?
13, 31
Suppose -4*n = 3*j - 4, -7*n + 20 = -5*n - 3*j. Suppose -n*i = -2*a + 3*a - 272, 4*a - 1108 = 4*i. What are the prime factors of a?
2, 3, 23
Let q = 75550 - 28769. List the prime factors of q.
7, 41, 163
List the prime factors of ((-589326)/252 + ((-18)/7)/(-6))*-6.
14029
Let g(d) = 261*d**2 - 29*d - 7. List the prime factors of g(-3).
7, 347
List the prime factors of 3/((-66)/(-142483))*(11 + 1).
2, 3, 12953
Suppose -4*b = -5*u + 3*u - 14, 3*u + 13 = 2*b. List the prime factors of (-3492)/(-16) + 5*u/12.
7, 31
Let z(a) = 37*a**2 - a - 2. Let t be z(-2). Suppose -3*s + 1 + 5 = 0. Suppose -l + u + 100 = 0, t = 3*l + s*u - 157. What are the prime factors of l?
101
Suppose 5*j - 41671 = -3*o + 77684, 2*o = -10. What are the prime factors of j?
2, 3, 23, 173
Let f = 11503 + -10559. What are the prime factors of f?
2, 59
Let s = 1164 + -1633. Let h = 15 - s. List the prime factors of h.
2, 11
Suppose 0 = 3*k + 3 + 3. Let b be (k/(-4) + -1)*(-692)/(-2). What are the prime factors of 1 - 0/1 - b?
2, 3, 29
Let r(s) be the third derivative of s**5/60 - s**4/24 - 12*s**2. Let o be r(2). Suppose -30 = -v - o*v. List the prime factors of v.
2, 5
Let z(n) = 3973*n - 671. What are the prime factors of z(5)?
2, 3, 7, 457
Let g be (12/21)/(6 - 40/7). Suppose 4*h = 4*p + 1460, -9*p = g*h - 13*p - 732. List the prime factors of h.
2, 7, 13
Let c = -97 + 101. List the prime factors of (-81807)/(-143) - c/52.
2, 11, 13
Suppose 3*m = -52 - 479. Let l = -51 - m. List the prime factors of l.
2, 3, 7
Let d(j) = j**2 + 6*j - 10. Let w = 3 - 11. Let h be d(w). Let o(u) = 3*u**2 - 11*u + 4. List the prime factors of o(h).
2, 23
Let j be ((-5712)/(-20))/(-2) - 3/15. Let x = 36 + j. Let v = -59 - x. What are the prime factors of v?
2, 3
Let h(k) = -3*k**2 - 11*k - 15. Let a(l) = 3*l**2 - 31 - 4*l**2 - 15*l - 8*l - 4*l**2. Let c(s) = -4*a(s) 